s -4 - (-5 + -2 + -1) - -2?
6
Evaluate -3 - 1 - (168 + -175).
3
What is the value of (4 - (10 + -3)) + 5?
2
What is -9 - (-8 - (2 + -3))?
-2
(66 - 73) + 1 + 5 + 0
-1
What is 2 + -11 - (1 - 10)?
0
Calculate 5 + (-6 - (4 + 1 + -4)).
-2
Calculate (176 - 168) + 1 + -9.
0
Evaluate -3 + (-5 - -13) + -6.
-1
Calculate (-2 - 0) + (-5 - -8 - 4).
-3
What is the value of 0 + 4 + (-8 - (-18 - -12))?
2
Evaluate (3 - (3 + -3)) + (-4 - -1).
0
Evaluate -4 + 10 + -2 + (-4 - 4).
-4
Calculate ((3 - 0) + 5 - 6) + -3.
-1
Evaluate 3 + (3 - (-1 + -2 - -12)).
-3
0 - -2 - (-4 - (-1 - 3))
2
-1 + 12 + (-2 - 0)
9
What is the value of (0 - -1) + -5 + (2 - 3)?
-5
What is (-6 - -1 - -3) + -4 + 3?
-3
What is the value of 0 + -1 + 5 - (343 - 338)?
-1
(4 - 4) + -5 + (-1 - -10)
4
Evaluate -2 - (2 + -4 - (-2 - 0)).
-2
What is -8 - -17 - (-8 + 14)?
3
Evaluate 2 - (-7 - (-5 + 11 - 10)).
5
What is 0 + -2 + (-13 - -11)?
-4
Calculate 1 - (1 + (-4 - -10) + -4).
-2
Evaluate 4 + -2 + (-7 - -1).
-4
Evaluate -3 + (-3 + 0 - -6).
0
What is (3 - 0) + (74 - 83)?
-6
Calculate -5 + 1 + -2 - -5.
-1
What is -3 - (5 + -5 - 10)?
7
What is 6 + 1 + -3 + 6 + -8?
2
Calculate -3 + 2 + -6 + (8 - -5).
6
-5 + 1 + -8 - -12
0
Evaluate -5 + 9 + -11 + 10.
3
4 - (1 + 4) - -4
3
What is -5 - ((5 - 12) + -1)?
3
What is (5 - (-1 - -1)) + -4 + 2?
3
Evaluate 5 - (-11 + 18 + 5).
-7
Evaluate (-1 + -7 - -8) + -5.
-5
(-1 - 3) + 5 + -6 + 1
-4
(-2 - (-3 - -9 - 2)) + 8
2
What is the value of -10 + (4 - 2 - -7)?
-1
Calculate -9 + (3 - 1 - -3).
-4
Evaluate 4 - (-1 + 3 + 4 + -4).
2
What is 4 + -1 - 7 - -9?
5
Calculate -1 + -1 + -1 - -2.
-1
Calculate 9 - (5 - 0 - 1).
5
Evaluate -5 + (4 + -6 - -6).
-1
What is the value of -2 - (3 - 1) - -1?
-3
What is 2 - (5 + -6) - -2?
5
What is -15 - (-1 - 11) - -12?
9
Evaluate (9 - 5) + -1 + -1.
2
Calculate 7 + -4 + 4 + -8 - 10.
-11
Evaluate -2 + (-8 + 13 - 2).
1
Calculate 1 - (0 - (1 - (3 + -4))).
3
Evaluate -2 - (-3 + 0 + -1).
2
Calculate 1 + (-13 - (-1 + 1 + -8)).
-4
0 + -1 - (-2 - -3) - -2
0
What is 0 + -4 + 13 + -4 + -8?
-3
What is the value of 7 - (0 - -4) - (6 - 5)?
2
Evaluate 0 + 5 - (-2 - -4).
3
What is 2 - 2 - (-1 - (3 + -5))?
-1
Evaluate 1 - 16 - (2 - (14 - 7)).
-10
Calculate 2 + (6 + -1 - 4) + -4.
-1
What is the value of 2 + 5 + -12 - -3?
-2
Evaluate 3 + 0 - (1 - 3).
5
What is the value of (-10 - (-2 - -1)) + 12?
3
What is the value of (7 - (8 + 6)) + 7?
0
Evaluate 4 + -1 + 1 + -20 - -7.
-9
-6 - (9 - 10 - -2)
-7
-7 + 0 + (3 - 0)
-4
What is the value of -2 - (2 + -16 - (5 - 11))?
6
Calculate 5 - (2 + 5 + -7) - 4.
1
Calculate -1 + 3 + 0 + 1.
3
What is 11 + (-7 - 5) + 3?
2
1 + 7 + -13 - -2
-3
Calculate (4 - 5) + -1 + 6.
4
Evaluate -1 + -1 - ((-26 - -5) + 13).
6
Evaluate -6 - (6 + -8 - (0 - -1)).
-3
What is the value of 0 + 0 - (7 - (-3 + 10))?
0
What is the value of (-7 - (1 + 1 + -3)) + -2?
-8
What is the value of -2 + (-6 - (-2 + -13 - -5))?
2
What is -9 + (6 - 4 - -5)?
-2
Calculate 4 - 0 - (15 - 8).
-3
Evaluate 5 + -3 - (2 + -4 - -7).
-3
What is the value of -4 - (-8 + 0) - 7?
-3
What is 17 + -24 - (-1 - 5)?
-1
What is the value of 5 - (0 + 5 + -6 + 13)?
-7
Evaluate 1 + -1 - -3 - (53 + -49).
-1
Evaluate 22 + -4 - 13 - (-1 - 1).
7
What is the value of 4 + (-2 - 4 - -5)?
3
What is 1 - (1 + 7 + (-21 - -25))?
-11
Calculate -10 + 11 - (1 - -1).
-1
Calculate 6 - (-1 + 7) - (0 - 4).
4
Calculate 1 + (-3 - (-7 - (1 - 2))).
4
1 + -1 + 2 + 0 + -3
-1
2 + -10 + (-3 + 5 - 0)
-6
Evaluate 6 + -14 + (-4 + 2 - -6).
-4
What is -4 - (-1 - (1 - (6 + -7)))?
-1
What is the value of 4 - (-2 + 7) - (-8 - -7)?
0
-2 + 7 - (1 + 4)
0
(11 - 6) + -2 + -13 + 6
-4
What is 13 + -7 - (-2 - (2 - 3))?
7
Evaluate -8 - (1 + 7 + -24 - -4).
4
Calculate (1 - 1) + -2 - (-26 - -23).
1
Evaluate 20 - 21 - (-2 - -1 - -1).
-1
What is -7 - -1 - (18 - (25 + -7))?
-6
Evaluate -2 + 6 - (5 + 3).
-4
What is the value of 0 + (-4 - (-2 + -3 + 3))?
-2
Calculate 9 - (4 + (9 - 5) + -4).
5
(6 - 4) + -1 - (20 - 16)
-3
What is the value of -5 + 2 + 8 - 1?
4
Calculate (-2 - -11) + (-27 - -16).
-2
What is (-6 + 2 - 6) + 11?
1
What is the value of -2 + 1 + 2 - (21 + -21)?
1
6 + -1 - (1 + (0 - -1))
3
Calculate 4 + (2 - 10) + 4 + 5.
5
Calculate 4 + (4 + -1 - 4) + -7.
-4
Calculate (-10 - -14) + (0 - -9) - 6.
7
What is the value of -2 + (5 - (6 - (13 - 5)))?
5
Evaluate (-5 - (-3 - -1)) + (0 - -8).
5
10 + -5 + (4 - (13 + 0))
-4
What is the value of 11 + -4 - 10 - -6?
3
Calculate -8 - -2 - -2 - (-43 + 42).
-3
Evaluate -57 + 43 - (2 - 9).
-7
(7 - 9) + -8 - -8
-2
Evaluate -14 + 7 + -6 + 9.
-4
What is 20 + -18 - (3 + 1)?
-2
Calculate 3 + 2 + (-1 - (1 - -7)).
-4
What is 0 + -3 + 1 - 1?
-3
What is the value of 4 + (4 + (-4 - -1) - 0)?
5
What is 0 - ((14 - 18) + 10)?
-6
Calculate -9 + (5 + (-3 - -4) - 2).
-5
Calculate -4 - 5 - (-6 + 1).
-4
Evaluate -13 - (-21 - 1) - (1 + 1).
7
What is 45 - 30 - (18 + -6)?
3
What is the value of 4 + 0 + (-137 - -127)?
-6
Calculate (-2 - -3) + 4 + -2.
3
What is -7 + 14 - (12 + -1) - -5?
1
What is the value of 4 + 4 + 4 + -15?
-3
Evaluate -5 + 7 + 5 - (1 + 0).
6
(-11 - (2 + -4)) + -12 + 16
-5
What is (0 - -5 - -1) + (1 - 2)?
5
-3 + 7 + (-5 - -2) + -4
-3
(-11 - (-12 + 10)) + 5
-4
What is the value of -4 + 18 + -3 - (10 + -7)?
8
Evaluate (4 - (-5 - 1)) + (4 - 10).
4
What is -1 - (0 + (0 - (-2 - -6)))?
3
(-14 - -19) + (0 + 2 - 8)
-1
What is the value of 5 - (14 - (-5 + 8))?
-6
Evaluate -1 + (-4 - -5) + 2 + -1.
1
What is -6 + 5 + -5 - -7?
1
Calculate -3 + 6 + -2 + 3.
4
What is the value of 8 + (-8 + 6 - 6) + 3?
3
3 + 0 + (1 + -3 - -3)
4
What is (2 - (8 - 4)) + -3?
-5
What is the value of 3 - (2 - 1) - -1?
3
Calculate (-4 - (3 + -9)) + (0 - -6).
8
What is -13 + 0 - 1 - (48 + -54)?
-8
-11 - (-1 - 1) - -2
-7
Calculate -2 - (10 - 9 - -3).
-6
0 + -1 + 1 + -31 + 30
-1
Evaluate 0 + -1 - 3 - (-7 - -6).
-3
Evaluate 4 + -1 + -3 + 3.
3
What is the value of -2 - (11 - 21 - -11)?
-3
What is the value of 48 + -51 - (-2 - (1 + -2))?
-2
What is the value of -15 - ((-1 - 7) + (18 - 16))?
-9
What is -3 + (-1 + 2 - -2)?
0
Calculate 74 + -69 + -2 + 3.
6
Evaluate 1 - ((-6 - -4) + -1) - 11.
-7
-6 + (6 - (4 + -1) - 1)
-4
Calculate -5 + 12 - (1 - 1).
7
Calculate 7 + -23 + 7 + 4 + 6.
1
Calculate -4 - (-3 - -3 - 4).
0
Evaluate -3 + 6 + -11 + 5.
-3
What is the value of -3 + 1 + 2 + -4?
-4
Evaluate 4 + (4 - 10 - -2) - -7.
7
What is the value of -9 - -2 - (-14 - -1)?
6
What is the value of -28 + 27 + (-1 - -2) + -6?
-6
4 - 2 - (7 + -14)
9
-4 + -4 + 6 + 1 + -2
-3
What is the value of 4 - ((-2 - 4) + 7)?
3
Calculate (1 + 4 - (-11 + 16)) + 0.
0
What is 9 - (20 + (-3 - 7))?
-1
-12 + 14 + (1 - (1 + 0))
2
(-3 - 2 - -1) + -1
-5
Calculate -3 + -11 - -1 - (14 + -16).
-11
Calculate -2 - 1 - (-18 + 15).
0
Evaluate 1 - (-2 + -2) - (-4 - -6).
3
-1 + 0 + 13 + -9
3
What is the value of 8 + -10 - (-2 - 0) - 3?
-3
Calculate -6 + (6 - 6) + (2 - -2).
-2
Evaluate -8 + -2 + (14 - 7) + -3.
-6
Calculate (-1 + 3 - 2 - 6) + 8.
2
What is -16 + -7 + 6 + (6 - -1)?
-10
Evaluate 5 + 0 - (-7 + 14 + -8).
6
Evaluate 58 - 54 - (-2 + 6).
0
20 + -24 + (-1 - -3)
-2
What is 2 + (1 - 1 - (-8 + 8))?
2
(-64 - -44) + 13 + -1
-8
What is the value of (-4 - (6 + -14)) + -11?
-7
Calculate 0 - 1 - -3 - 0 - 8.
-6
What is -3 + (7 - 9) + 2?
-3
What is 5 - (7 + -4 + 2) - -3?
3
Evaluate (-4 - -2) + 4 + 1.
3
Calculate 5 + -3 - (2 + 1).
-1
Calculate (1 - -5) + (-6 - 0) + 3.
3
Calculate 6 + (-6 - 2) + 2.
0
7 + 19 + -10 - 10
6
What is -1 + (-8 - -7) - -10?
8
9 - 4 - 7 - (-5 + 3)
0
(-2 - -5) + -6 + -2 - -8
3
Evaluate 1 + -2 + (-50 - -57).
6
1 + -2 + -5 + -1
-7
What is the value of -7 + 2 + (1 - -3)?
-1
Evaluate -1 + -1 - (-1 + 1).
-2
Calculate (-1 - 1) + 0 - (18 + -19).
-1
What is the value of 0 + (16 + -1 - (-39 - -46))?
8
Evaluate 8 + (2 - 8) + -6.
-4
(4 - (-9 + 16)) + (0 - -2)
-1
What is -63 + 57 + (1 - -2)?
-3
(2 - (-4 + 6)) + -3
-3
Calculate -4 + 0 - (-2 + 3 - 1).
-4
Calculate -3 - (9 - 5) - -3.
-4
What is -4 + -10 + 16 + -8?
-6
Calculate -6 - ((2 - 15) + 5) - 10.
-8
What is the value of 10 - (8 - -12) - (-3 - 2)?
-5
Calculate -2 + -2 - (-12 + (6 - 2)).
4
Evaluate (0 + -2 - -5) + (6 - 5).
4
Calculate 2 + (-1 - -3) + -2 + -8.
-6
What is 0 + (-2 - -4) + -1?
1
Evaluate 7 + -16 - (0 + -2) - -6.
-1
What is (-2 - (-2 + 3 + -1)) + -1?
-3
What is 14 - 17 - (3 + 1 - 1)?
-6
What is 0 + (1 + -3 + 0 - -2)?
0
Evaluate